{"id":1336,"date":"2020-03-24T12:18:37","date_gmt":"2020-03-24T12:18:37","guid":{"rendered":"https:\/\/formenbilisim.com\/?page_id=1336"},"modified":"2020-03-24T12:18:37","modified_gmt":"2020-03-24T12:18:37","slug":"about-us","status":"publish","type":"page","link":"https:\/\/formenbilisim.com\/index.php\/en\/about-us\/","title":{"rendered":"About us"},"content":{"rendered":"<p>[vc_row][vc_column offset=&#8221;vc_col-md-9&#8243; css=&#8221;.vc_custom_1581008693877{padding-bottom: 0px !important;}&#8221;][vc_empty_space][vc_row_inner][vc_column_inner]\n\t\t<div class=\"feature-box-small-icon \">\n        <span class=\"icon\">\n        \t<i class=\"icon_check id-color\"><\/i>\n        <\/span>\n        <div class=\"text\">\n            <h3>ABOUT ESCON<\/h3>\n            <strong>\u201cESCON EMLAK TAAHH\u00dcT SANAY\u0130 VE DI\u015e T\u0130CARET LTD.\u015eT\u0130\u201d<\/strong>. has established on July 2018 as a group company of <strong>\u201cSY CONS.M\u00dcHEND\u0130SL\u0130K T\u0130CARET LTD.\u015eT\u0130(Eskisehir,TURKEY)\u201d<\/strong> for overseas construction projects. We broad our working areas to overseas projects within many years experience as a main contractor for turn-key projects and sub-contractor for each part of construction jobs.<br \/>\n<strong>SY CONS.M\u00dcHEND\u0130SL\u0130K T\u0130CARET LTD.\u015eT\u0130.<\/strong> has founded on May 2016 by Serdar Y\u0131lmaz (MSc.Civil Engineer), who has 25 years experience as a &#8220;Senior Project Manager&#8221; in the highly prestigious projects nationally and internationally at Turkey, Europe, Russia, Turkic Republics and the Middle East and Ya\u015far Atmaca, who has 20 years of commercial history in the construction industry.<\/p>\n<p><strong>ESCON<\/strong> activities are defined by professional values. Every <strong>ESCON<\/strong> Employee fulfills its duties by considering professional values \u200b\u200band knows that this has an important share in our common success.<\/p>\n<p>Team spirit is created by explaining <strong>ESCON<\/strong> values \u200b\u200band company ethics to each employee through in-service trainings and seminars held in certain periods.        <\/div>\n    <\/div>\n    \n[\/vc_column_inner][\/vc_row_inner][vc_empty_space][vc_row_inner css=&#8221;.vc_custom_1481530056309{padding-top: 30px !important;}&#8221;][vc_column_inner offset=&#8221;vc_col-md-6&#8243;][vc_single_image image=&#8221;1128&#8243; img_size=&#8221;full&#8221;][vc_custom_heading text=&#8221;Civil Works&#8221; font_container=&#8221;tag:h3|text_align:left&#8221; use_theme_fonts=&#8221;yes&#8221; css=&#8221;.vc_custom_1585052024619{margin-top: 20px !important;}&#8221;][vc_column_text]With the project phase, Excavation, Grobeton, Iron Detail, Corrosion, Mounting, Foundation Insulation, Foundation Drainage, Foundation Electrical Grounding, Wall Works; It covers stages such as aerated concrete or brick masonry.[\/vc_column_text][\/vc_column_inner][vc_column_inner offset=&#8221;vc_col-md-6&#8243;][vc_custom_heading text=&#8221;Interior Jobs &#8221; font_container=&#8221;tag:h3|text_align:left&#8221; use_theme_fonts=&#8221;yes&#8221;][vc_column_text css=&#8221;.vc_custom_1585052001344{margin-bottom: 20px !important;}&#8221;]It covers the repair and renewal works of floor, wall, floor and fa\u00e7ade coatings, which are also called mortar productions after the completion of the carrier system productions in the buildings.[\/vc_column_text][vc_single_image image=&#8221;1153&#8243; img_size=&#8221;full&#8221;][\/vc_column_inner][\/vc_row_inner][vc_row_inner][vc_column_inner][vc_empty_space][vc_custom_heading text=&#8221;Turnkey Projects&#8221; font_container=&#8221;tag:h3|text_align:left&#8221; use_theme_fonts=&#8221;yes&#8221; css=&#8221;.vc_custom_1585052047279{margin-top: 20px !important;}&#8221;][vc_column_text]<span class=\"ILfuVd\"><span class=\"e24Kjd\">It covers the service of completing the rough and fine construction works in full and delivering them to the buyer, where all the costs related to the residential or building built according to the determined project are determined.<\/span><\/span>[\/vc_column_text][vc_empty_space]\t<figure class=\"pic-hover hover-scale\">\n        <span class=\"center-xy\">\n            <a class=\"popup-vimeo\" href=\"https:\/\/vimeo.com\/389717575\">\n                <i class=\"fa fa-play btn-play btn-action btn-action-hide\"><\/i>\n            <\/a>\n        <\/span>\n        <span class=\"bg-overlay\"><\/span>\n        <img src=\"https:\/\/formenbilisim.com\/wp-content\/uploads\/2020\/02\/Escon-Innovation-Center-Portfolio-Foto-3.jpg\" class=\"img-responsive\" alt=\"\">\n    <\/figure>\n\n[\/vc_column_inner][\/vc_row_inner][\/vc_column][vc_column offset=&#8221;vc_col-md-3&#8243;][vc_wp_custommenu nav_menu=&#8221;24&#8243;]\n\t\t<div class=\"feature-box-small-icon \">\n        <span class=\"icon\">\n        \t<i class=\"icon_check id-color\"><\/i>\n        <\/span>\n        <div class=\"text\">\n            <h3>Our Vision<\/h3>\n            Being one of the most innovative company in Turkey and Europe within reliable and high-quality productions.        <\/div>\n    <\/div>\n    \n[vc_empty_space]\n\t\t<div class=\"feature-box-small-icon \">\n        <span class=\"icon\">\n        \t<i class=\"icon_check id-color\"><\/i>\n        <\/span>\n        <div class=\"text\">\n            <h3>Our Mission<\/h3>\n            Deliver the designed construction projects in accordance to work schedule within reliable,high-quality productions.        <\/div>\n    <\/div>\n    \n[vc_empty_space]\n\t\t<div class=\"feature-box-small-icon \">\n        <span class=\"icon\">\n        \t<i class=\"icon_check id-color\"><\/i>\n        <\/span>\n        <div class=\"text\">\n            <h3>Our values<\/h3>\n            Our defined professional company values \u200b\u200bare at the core of every activity we carry out. We work in the light of these values \u200b\u200bin every project we start. In this way, we know that we will achieve more success in the industry.        <\/div>\n    <\/div>\n    \n[vc_empty_space][vc_empty_space][vc_wp_text]<\/p>\n<div class=\"padding30 text-black\">\n<h4>The Right Partner!<\/h4>\n<p>Are you looking for the right partner for your next construction project?<\/p>\n<h4>Escon Equipment<\/h4>\n<p>-6.000 m2 Construction Formwork<br \/>\n-12.000 m3 Scaffolding<br \/>\n-2 Tower Crane<\/p>\n<h4>Escon Man-power<\/h4>\n<h5>(Currently Active)<\/h5>\n<p>-3 Civil Engineer<br \/>\n-2 Construction Technician<br \/>\n-3 Foreman<br \/>\n-95 Carpenter<br \/>\n-56 Steel Fixers<br \/>\n-20 Bricklayer<\/p>\n<div class=\"text-center\"><a class=\"btn btn-line-black btn-fx mt20\" href=\"tel:\/\/+9005452262622\">Call Now<\/a><\/div>\n<\/div>\n<p>[\/vc_wp_text][\/vc_column][\/vc_row]<\/p>\n","protected":false},"excerpt":{"rendered":"<p>[vc_row][vc_column offset=&#8221;vc_col-md-9&#8243; css=&#8221;.vc_custom_1581008693877{padding-bottom: 0px !important;}&#8221;][vc_empty_space][vc_row_inner][vc_column_inner][\/vc_column_inner][\/vc_row_inner][vc_empty_space][vc_row_inner css=&#8221;.vc_custom_1481530056309{padding-top: 30px !important;}&#8221;][vc_column_inner offset=&#8221;vc_col-md-6&#8243;][vc_single_image image=&#8221;1128&#8243; img_size=&#8221;full&#8221;][vc_custom_heading text=&#8221;Civil Works&#8221; font_container=&#8221;tag:h3|text_align:left&#8221; use_theme_fonts=&#8221;yes&#8221; css=&#8221;.vc_custom_1585052024619{margin-top: 20px !important;}&#8221;][vc_column_text]With the project phase, Excavation, Grobeton, Iron Detail, Corrosion, Mounting, Foundation Insulation, Foundation Drainage, Foundation Electrical Grounding, Wall Works; It covers stages such as aerated concrete or brick masonry.[\/vc_column_text][\/vc_column_inner][vc_column_inner offset=&#8221;vc_col-md-6&#8243;][vc_custom_heading text=&#8221;Interior Jobs &#8221; font_container=&#8221;tag:h3|text_align:left&#8221; use_theme_fonts=&#8221;yes&#8221;][vc_column_text css=&#8221;.vc_custom_1585052001344{margin-bottom: 20px !important;}&#8221;]It [&hellip;]<\/p>\n","protected":false},"author":1,"featured_media":0,"parent":0,"menu_order":0,"comment_status":"closed","ping_status":"closed","template":"page-templates\/template-fullwidth.php","meta":[],"_links":{"self":[{"href":"https:\/\/formenbilisim.com\/index.php\/wp-json\/wp\/v2\/pages\/1336"}],"collection":[{"href":"https:\/\/formenbilisim.com\/index.php\/wp-json\/wp\/v2\/pages"}],"about":[{"href":"https:\/\/formenbilisim.com\/index.php\/wp-json\/wp\/v2\/types\/page"}],"author":[{"embeddable":true,"href":"https:\/\/formenbilisim.com\/index.php\/wp-json\/wp\/v2\/users\/1"}],"replies":[{"embeddable":true,"href":"https:\/\/formenbilisim.com\/index.php\/wp-json\/wp\/v2\/comments?post=1336"}],"version-history":[{"count":1,"href":"https:\/\/formenbilisim.com\/index.php\/wp-json\/wp\/v2\/pages\/1336\/revisions"}],"predecessor-version":[{"id":1337,"href":"https:\/\/formenbilisim.com\/index.php\/wp-json\/wp\/v2\/pages\/1336\/revisions\/1337"}],"wp:attachment":[{"href":"https:\/\/formenbilisim.com\/index.php\/wp-json\/wp\/v2\/media?parent=1336"}],"curies":[{"name":"wp","href":"https:\/\/api.w.org\/{rel}","templated":true}]}}