{"id":1340,"date":"2020-03-24T12:21:33","date_gmt":"2020-03-24T12:21:33","guid":{"rendered":"https:\/\/formenbilisim.com\/?page_id=1340"},"modified":"2020-03-24T12:28:31","modified_gmt":"2020-03-24T12:28:31","slug":"o-nama","status":"publish","type":"page","link":"https:\/\/formenbilisim.com\/index.php\/sp\/o-nama\/","title":{"rendered":"O nama"},"content":{"rendered":"<p>[vc_row][vc_column offset=&#8221;vc_col-md-9&#8243; css=&#8221;.vc_custom_1581008693877{padding-bottom: 0px !important;}&#8221;][vc_empty_space][vc_row_inner][vc_column_inner]\n\t\t<div class=\"feature-box-small-icon \">\n        <span class=\"icon\">\n        \t<i class=\"icon_check id-color\"><\/i>\n        <\/span>\n        <div class=\"text\">\n            <h3>O ESCON-u<\/h3>\n            <strong>\u00a0\u201cESCON EMLAK TAAHH\u00dcT SANAY\u0130 VE DI\u015e T\u0130CARET LTD.\u015eT\u0130\u201d<\/strong> je osnovan u julu 2018. godine, kao deo kompanije <strong>\u201cSY CONS.M\u00dcHEND\u0130SL\u0130K T\u0130CARET LTD.\u015eT\u0130 (Eskisehir,TURSKA)\u201d<\/strong>, sa ciljem izvo\u0111enja gradjevinskih projekta u inostranstvu. Iz godine u godinu \u0161irimo podru\u010dija rada na projektima u inostranstvu koriste\u0107i bogato iskustvo glavnog izvo\u0111a\u010da radova na velikim gradili\u0161tima u Turskoj po sistemu &#8220;klju\u010d u ruke&#8221;. Konpaniju<strong> SY CONS.M\u00dcHEND\u0130SL\u0130K T\u0130CARET LTD.\u015eT\u0130.<\/strong> su osnovali: <em><strong>Serdar Yilmaz (MSc. gra\u0111evinski Inzenjer)<\/strong><\/em>, koji ima preko 25 godina iskustva kao &#8220;Glavni projekt menad\u017eer&#8221; na presti\u017enim projektima u Turskoj, Evropi, Rusiji, Turkmenistanu, Uzbekistanu, Kazahstanu i na Bliskom Istoku; i Ya\u015far Atmaca, koji ima 20 godina komercijonalnog iskustva u gra\u0111evinskoj industriji.<\/p>\n<p>Profesionalnost je ugra\u0111ena u svaki segment <strong>ESCON<\/strong>-ovih aktivnosti. Svaki radnik <strong>ESCON<\/strong>-a ispunjava sve svoje du\u017enosti po\u0161tuju\u0107i kodeks kompanije, svestan da sam umnogome doprinosi zajedni\u010dkom uspehu iste.<\/p>\n<p>Timski duh i po\u0161tovanje eti\u010dkih normi kompanije kreira se putem stru\u010dnog usavr\u0161avanja svih zaposlenih kao i seminara koji se periodi\u010dno odr\u017eavaju.        <\/div>\n    <\/div>\n    \n[\/vc_column_inner][\/vc_row_inner][vc_empty_space][vc_row_inner css=&#8221;.vc_custom_1481530056309{padding-top: 30px !important;}&#8221;][vc_column_inner offset=&#8221;vc_col-md-6&#8243;][vc_single_image image=&#8221;1128&#8243; img_size=&#8221;full&#8221;][vc_custom_heading text=&#8221;Armira\u010dko-tesarski i betonski radovi&#8221; font_container=&#8221;tag:h3|text_align:left&#8221; use_theme_fonts=&#8221;yes&#8221; css=&#8221;.vc_custom_1585052703073{margin-top: 20px !important;}&#8221;][vc_column_text]Po projektnim fazama: Iskop, mr\u0161av beton, armira\u010dki radovi, monterski i tesarski radovi, izolaterski radovi, drena\u017ea temelja, elektri\u010dno uzemljenje temelja, zidarski radovi, betonski radovi.[\/vc_column_text][\/vc_column_inner][vc_column_inner offset=&#8221;vc_col-md-6&#8243;][vc_custom_heading text=&#8221;Unutra\u0161nji radovi&#8221; font_container=&#8221;tag:h3|text_align:left&#8221; use_theme_fonts=&#8221;yes&#8221;][vc_column_text css=&#8221;.vc_custom_1585052683461{margin-bottom: 20px !important;}&#8221;]Obuhvataju sve vrste podnih, zidnih i fasadnih radova kako na novim objektima tako i na restauraciji i obnovi starih objekata.[\/vc_column_text][vc_single_image image=&#8221;1153&#8243; img_size=&#8221;full&#8221;][\/vc_column_inner][\/vc_row_inner][vc_row_inner][vc_column_inner][vc_empty_space][vc_custom_heading text=&#8221;Projekti &#8220;klju\u010d u ruke&#8220;&#8221; font_container=&#8221;tag:h3|text_align:left&#8221; use_theme_fonts=&#8221;yes&#8221; css=&#8221;.vc_custom_1585052725693{margin-top: 20px !important;}&#8221;][vc_column_text]<span class=\"ILfuVd\"><span class=\"e24Kjd\">Pokriva sve spoljne i unutra\u0161nje radove na stanbenom ili poslovnom objektu ili zgradi. Kupcu se isporu\u010duje potpuno zavr\u0161en stanbeni objekat ili zgrada, pri \u010demu se utvr\u0111uju svi tro\u0161kovi koji se odnose na stambeni ili poslovni objekat ili zgradu izgra\u0111enu po utvr\u0111enom projektu.<\/span><\/span>[\/vc_column_text][vc_empty_space]\t<figure class=\"pic-hover hover-scale\">\n        <span class=\"center-xy\">\n            <a class=\"popup-vimeo\" href=\"https:\/\/vimeo.com\/389717575\">\n                <i class=\"fa fa-play btn-play btn-action btn-action-hide\"><\/i>\n            <\/a>\n        <\/span>\n        <span class=\"bg-overlay\"><\/span>\n        <img src=\"https:\/\/formenbilisim.com\/wp-content\/uploads\/2020\/02\/Escon-Innovation-Center-Portfolio-Foto-3.jpg\" class=\"img-responsive\" alt=\"\">\n    <\/figure>\n\n[\/vc_column_inner][\/vc_row_inner][\/vc_column][vc_column offset=&#8221;vc_col-md-3&#8243;][vc_wp_custommenu nav_menu=&#8221;24&#8243;]\n\t\t<div class=\"feature-box-small-icon \">\n        <span class=\"icon\">\n        \t<i class=\"icon_check id-color\"><\/i>\n        <\/span>\n        <div class=\"text\">\n            <h3>Na\u0161a vizija<\/h3>\n            Jedna smo od najinovativnijih kompanija u Turskoj i Evropi sa pouzdanom i visokokvalitetnom produkcijom.        <\/div>\n    <\/div>\n    \n[vc_empty_space]\n\t\t<div class=\"feature-box-small-icon \">\n        <span class=\"icon\">\n        \t<i class=\"icon_check id-color\"><\/i>\n        <\/span>\n        <div class=\"text\">\n            <h3>Na\u0161a misija<\/h3>\n            Predaja objekta naru\u010diocu po\u0161tuju\u0107i predvi\u0111enu dinamiku.        <\/div>\n    <\/div>\n    \n[vc_empty_space]\n\t\t<div class=\"feature-box-small-icon \">\n        <span class=\"icon\">\n        \t<i class=\"icon_check id-color\"><\/i>\n        <\/span>\n        <div class=\"text\">\n            <h3>Na\u0161e vrednosti<\/h3>\n            Definisane profesionalne vrednosti na\u0161e kompanije su u centru svake aktivnosti koju sprovodimo. U svetlu tih vrednosti mi radimo na svakom projektu koji smo preuzeli. Na ovaj na\u010din znamo da \u0107emo posti\u0107i ve\u0107i uspeh u poslu.        <\/div>\n    <\/div>\n    \n[vc_empty_space][vc_empty_space][vc_wp_text]<\/p>\n<div class=\"padding30 text-black\">\n<h4>Pravi partner!<\/h4>\n<p>Da li tra\u017eite pravog partnera za va\u0161 slede\u0107i gra\u0111evinski projekat?<\/p>\n<h4>Oprema<\/h4>\n<p>-6.000 m2 gra\u0111evinske oplate<br \/>\n-12.000 m3 gra\u0111evinske skele<br \/>\n-2 krana<\/p>\n<h4>Radna snaga<\/h4>\n<h5>(Trenutno aktivna)<\/h5>\n<p>-3 gra\u0111evinska in\u017einjera<br \/>\n-2 gra\u0111evinska tehni\u010dara<br \/>\n-3 brigadira<br \/>\n-95 tesara<br \/>\n-56 armira\u010da<br \/>\n-20 zidara<\/p>\n<div class=\"text-center\"><a class=\"btn btn-line-black btn-fx mt20\" href=\"tel:\/\/+9005452262622\">Pozovite sada<\/a><\/div>\n<\/div>\n<p>[\/vc_wp_text][\/vc_column][\/vc_row]<\/p>\n","protected":false},"excerpt":{"rendered":"<p>[vc_row][vc_column offset=&#8221;vc_col-md-9&#8243; css=&#8221;.vc_custom_1581008693877{padding-bottom: 0px !important;}&#8221;][vc_empty_space][vc_row_inner][vc_column_inner][\/vc_column_inner][\/vc_row_inner][vc_empty_space][vc_row_inner css=&#8221;.vc_custom_1481530056309{padding-top: 30px !important;}&#8221;][vc_column_inner offset=&#8221;vc_col-md-6&#8243;][vc_single_image image=&#8221;1128&#8243; img_size=&#8221;full&#8221;][vc_custom_heading text=&#8221;Armira\u010dko-tesarski i betonski radovi&#8221; font_container=&#8221;tag:h3|text_align:left&#8221; use_theme_fonts=&#8221;yes&#8221; css=&#8221;.vc_custom_1585052703073{margin-top: 20px !important;}&#8221;][vc_column_text]Po projektnim fazama: Iskop, mr\u0161av beton, armira\u010dki radovi, monterski i tesarski radovi, izolaterski radovi, drena\u017ea temelja, elektri\u010dno uzemljenje temelja, zidarski radovi, betonski radovi.[\/vc_column_text][\/vc_column_inner][vc_column_inner offset=&#8221;vc_col-md-6&#8243;][vc_custom_heading text=&#8221;Unutra\u0161nji radovi&#8221; font_container=&#8221;tag:h3|text_align:left&#8221; use_theme_fonts=&#8221;yes&#8221;][vc_column_text css=&#8221;.vc_custom_1585052683461{margin-bottom: 20px !important;}&#8221;]Obuhvataju sve vrste podnih, zidnih i [&hellip;]<\/p>\n","protected":false},"author":1,"featured_media":0,"parent":0,"menu_order":0,"comment_status":"closed","ping_status":"closed","template":"page-templates\/template-fullwidth.php","meta":[],"_links":{"self":[{"href":"https:\/\/formenbilisim.com\/index.php\/wp-json\/wp\/v2\/pages\/1340"}],"collection":[{"href":"https:\/\/formenbilisim.com\/index.php\/wp-json\/wp\/v2\/pages"}],"about":[{"href":"https:\/\/formenbilisim.com\/index.php\/wp-json\/wp\/v2\/types\/page"}],"author":[{"embeddable":true,"href":"https:\/\/formenbilisim.com\/index.php\/wp-json\/wp\/v2\/users\/1"}],"replies":[{"embeddable":true,"href":"https:\/\/formenbilisim.com\/index.php\/wp-json\/wp\/v2\/comments?post=1340"}],"version-history":[{"count":3,"href":"https:\/\/formenbilisim.com\/index.php\/wp-json\/wp\/v2\/pages\/1340\/revisions"}],"predecessor-version":[{"id":1343,"href":"https:\/\/formenbilisim.com\/index.php\/wp-json\/wp\/v2\/pages\/1340\/revisions\/1343"}],"wp:attachment":[{"href":"https:\/\/formenbilisim.com\/index.php\/wp-json\/wp\/v2\/media?parent=1340"}],"curies":[{"name":"wp","href":"https:\/\/api.w.org\/{rel}","templated":true}]}}